 343966419?
4
What is the hundred thousands digit of 4582651?
5
What is the thousands digit of 244211180?
1
What is the tens digit of 26062555?
5
What is the ten thousands digit of 31556229?
5
What is the ten thousands digit of 13580173?
8
What is the ten millions digit of 166764610?
6
What is the hundreds digit of 53724271?
2
What is the ten thousands digit of 92642634?
4
What is the units digit of 2421086889?
9
What is the ten thousands digit of 30918401?
1
What is the units digit of 93088510?
0
What is the ten thousands digit of 37051619?
5
What is the hundreds digit of 35926033?
0
What is the hundred thousands digit of 357108?
3
What is the ten thousands digit of 3837646?
3
What is the hundred thousands digit of 2312024177?
0
What is the hundred thousands digit of 285302225?
3
What is the millions digit of 4710413057?
0
What is the hundred millions digit of 2135532566?
1
What is the hundred thousands digit of 1216317?
2
What is the hundreds digit of 92040949?
9
What is the millions digit of 94144627?
4
What is the units digit of 26574487?
7
What is the units digit of 40713029?
9
What is the hundreds digit of 155056464?
4
What is the ten thousands digit of 133710537?
1
What is the units digit of 3612438858?
8
What is the ten thousands digit of 208534021?
3
What is the thousands digit of 4245650935?
0
What is the units digit of 652216050?
0
What is the thousands digit of 73920504?
0
What is the millions digit of 374120469?
4
What is the thousands digit of 3984044137?
4
What is the units digit of 1710456543?
3
What is the hundred thousands digit of 71384675?
3
What is the hundred millions digit of 3764453109?
7
What is the ten millions digit of 1824467605?
2
What is the units digit of 423202055?
5
What is the hundred millions digit of 4122972435?
1
What is the ten millions digit of 90054035?
9
What is the ten thousands digit of 2947755985?
5
What is the billions digit of 1470807637?
1
What is the hundred millions digit of 251332142?
2
What is the thousands digit of 1056471249?
1
What is the thousands digit of 10398283?
8
What is the units digit of 660709432?
2
What is the millions digit of 53010178?
3
What is the hundred thousands digit of 411695069?
6
What is the units digit of 422204560?
0
What is the hundreds digit of 797229076?
0
What is the hundreds digit of 33513189?
1
What is the units digit of 300616058?
8
What is the ten thousands digit of 31241224?
4
What is the units digit of 136258311?
1
What is the tens digit of 815407709?
0
What is the thousands digit of 63339310?
9
What is the tens digit of 63630073?
7
What is the millions digit of 1250764669?
0
What is the thousands digit of 980944652?
4
What is the hundred millions digit of 2365060777?
3
What is the ten thousands digit of 50776933?
7
What is the hundred millions digit of 285766808?
2
What is the tens digit of 294642483?
8
What is the ten thousands digit of 81080013?
8
What is the ten thousands digit of 861503015?
0
What is the hundred thousands digit of 94636169?
6
What is the millions digit of 87829743?
7
What is the millions digit of 183105878?
3
What is the hundreds digit of 80563828?
8
What is the hundred thousands digit of 54603830?
6
What is the units digit of 162053709?
9
What is the ten thousands digit of 94352317?
5
What is the ten millions digit of 411947674?
1
What is the hundred thousands digit of 303973760?
9
What is the millions digit of 267801423?
7
What is the ten thousands digit of 1554761076?
6
What is the units digit of 354402358?
8
What is the tens digit of 77083004?
0
What is the ten millions digit of 3920038713?
2
What is the ten thousands digit of 25730341?
3
What is the thousands digit of 27488288?
8
What is the thousands digit of 132450153?
0
What is the tens digit of 240019188?
8
What is the tens digit of 5342446145?
4
What is the ten thousands digit of 1297946008?
4
What is the ten thousands digit of 32650071?
5
What is the thousands digit of 153920248?
0
What is the hundred millions digit of 817562134?
8
What is the hundred millions digit of 692719450?
6
What is the ten thousands digit of 685894733?
9
What is the thousands digit of 2900521514?
1
What is the tens digit of 11014846?
4
What is the ten thousands digit of 278357607?
5
What is the hundreds digit of 6043531?
5
What is the hundred thousands digit of 9111040?
1
What is the ten thousands digit of 2392262246?
6
What is the hundred thousands digit of 624142404?
1
What is the billions digit of 1760205131?
1
What is the tens digit of 53678584?
8
What is the tens digit of 532557946?
4
What is the units digit of 189630476?
6
What is the hundred thousands digit of 734346129?
3
What is the millions digit of 343941397?
3
What is the hundreds digit of 711080058?
0
What is the ten millions digit of 1311943115?
1
What is the ten millions digit of 502734372?
0
What is the units digit of 1331821223?
3
What is the units digit of 1661112?
2
What is the millions digit of 137463549?
7
What is the hundreds digit of 33479335?
3
What is the millions digit of 1409454?
1
What is the units digit of 6984820682?
2
What is the ten thousands digit of 57230071?
3
What is the hundred thousands digit of 174857192?
8
What is the ten thousands digit of 355714529?
1
What is the millions digit of 3135607568?
5
What is the ten millions digit of 274926995?
7
What is the tens digit of 2364483512?
1
What is the hundred thousands digit of 23410810?
4
What is the hundred millions digit of 1896099829?
8
What is the units digit of 80088047?
7
What is the thousands digit of 6014787?
4
What is the units digit of 828407327?
7
What is the ten millions digit of 326160320?
2
What is the millions digit of 255971652?
5
What is the hundred thousands digit of 249862493?
8
What is the thousands digit of 301285396?
5
What is the hundred millions digit of 1115206385?
1
What is the ten thousands digit of 11290962?
9
What is the ten millions digit of 39707850?
3
What is the hundreds digit of 69744662?
6
What is the ten thousands digit of 898699239?
9
What is the units digit of 815966238?
8
What is the hundreds digit of 1485418998?
9
What is the thousands digit of 61280650?
0
What is the millions digit of 319059578?
9
What is the billions digit of 4332828653?
4
What is the thousands digit of 513468?
3
What is the ten thousands digit of 15588443?
8
What is the ten thousands digit of 29801838?
0
What is the hundred thousands digit of 3348627183?
6
What is the units digit of 806032052?
2
What is the units digit of 897208666?
6
What is the ten thousands digit of 22308402?
0
What is the billions digit of 1191841214?
1
What is the tens digit of 511243753?
5
What is the millions digit of 178042623?
8
What is the thousands digit of 4603277073?
7
What is the ten thousands digit of 167342385?
4
What is the billions digit of 1082045490?
1
What is the units digit of 2720558147?
7
What is the thousands digit of 13760095?
0
What is the ten thousands digit of 786993409?
9
What is the hundred thousands digit of 4220833932?
8
What is the millions digit of 83900988?
3
What is the thousands digit of 710658833?
8
What is the millions digit of 213528054?
3
What is the thousands digit of 107407360?
7
What is the ten thousands digit of 235331373?
3
What is the ten thousands digit of 454207017?
0
What is the hundred thousands digit of 24485746?
4
What is the units digit of 10072215?
5
What is the tens digit of 453574335?
3
What is the hundred millions digit of 350341201?
3
What is the units digit of 278497862?
2
What is the thousands digit of 64294042?
4
What is the hundred millions digit of 1817858956?
8
What is the millions digit of 16656380?
6
What is the tens digit of 17719023?
2
What is the units digit of 1302705314?
4
What is the tens digit of 79793790?
9
What is the tens digit of 934355159?
5
What is the hundred thousands digit of 424505216?
5
What is the millions digit of 102453484?
2
What is the units digit of 26635470?
0
What is the tens digit of 68590954?
5
What is the billions digit of 1533524834?
1
What is the ten thousands digit of 30911521?
1
What is the ten thousands digit of 17921976?
2
What is the ten thousands digit of 3889745?
8
What is the hundreds digit of 403117441?
4
What is the hundred thousands digit of 45006536?
0
What is the billions digit 